{"id":157,"date":"2014-10-20T10:59:38","date_gmt":"2014-10-20T09:59:38","guid":{"rendered":"http:\/\/sdhmalahrastice.cz\/?page_id=157"},"modified":"2015-09-20T08:49:35","modified_gmt":"2015-09-20T07:49:35","slug":"zajimavosti-a-ruzne","status":"publish","type":"page","link":"https:\/\/www.sdhmalahrastice.cz\/?page_id=157","title":{"rendered":"Zaj\u00edmavosti a r\u016fzn\u00e9"},"content":{"rendered":"<p><strong>\u21d2<a href=\"http:\/\/sdhmalahrastice.cz\/?p=178\">Uzlov\u00e1n\u00ed<\/a><\/strong><\/p>\n<p><strong>\u21d2<span style=\"color: #008000;\"><a style=\"color: #008000;\" href=\"http:\/\/sdhmalahrastice.cz\/?p=181\">Zdravov\u011bda<\/a><\/span><\/strong><\/p>\n<p><strong>\u21d2<a href=\"http:\/\/sdhmalahrastice.cz\/?p=173\">Odzanky odbornost\u00ed a specializac\u00ed<\/a><\/strong><\/p>\n<p><strong>\u21d2<a href=\"http:\/\/sdhmalahrastice.cz\/?p=184\">Topografick\u00e9 zna\u010dky<\/a><\/strong><\/p>\n<p><strong><a href=\"http:\/\/sdhmalahrastice.cz\/?p=189\">\u00a0\u21d2Hasebn\u00ed l\u00e1tky<\/a><\/strong><\/p>\n<p><a href=\"http:\/\/sdhmalahrastice.cz\/?p=201\"><strong>\u21d2Technick\u00e9 prost\u0159edky &#8211; zna\u010dky<\/strong><\/a><\/p>\n<p><a href=\"http:\/\/sdhmalahrastice.cz\/?p=204\"><strong>\u00a0\u21d2Optick\u00e1 signalizace<\/strong><\/a><\/p>\n<p><a href=\"http:\/\/sdhmalahrastice.cz\/?p=207\"><strong>\u21d2Dopravn\u00ed zna\u010dky<\/strong><\/a><\/p>\n<p><strong><a href=\"http:\/\/www.zachranny-kruh.cz\/prnaweb.php?idx=2692480&amp;width=480&amp;height=360\">\u21d2Prvn\u00ed pomoc<\/a><\/strong><\/p>\n","protected":false},"excerpt":{"rendered":"<p>\u21d2Uzlov\u00e1n\u00ed \u21d2Zdravov\u011bda \u21d2Odzanky odbornost\u00ed a specializac\u00ed \u21d2Topografick\u00e9 zna\u010dky \u00a0\u21d2Hasebn\u00ed l\u00e1tky \u21d2Technick\u00e9 prost\u0159edky &#8211; zna\u010dky \u00a0\u21d2Optick\u00e1 signalizace \u21d2Dopravn\u00ed zna\u010dky \u21d2Prvn\u00ed pomoc<\/p>\n","protected":false},"author":2,"featured_media":0,"parent":47,"menu_order":5,"comment_status":"closed","ping_status":"closed","template":"page-templates\/full-width.php","meta":{"ngg_post_thumbnail":0,"footnotes":""},"class_list":["post-157","page","type-page","status-publish","hentry"],"_links":{"self":[{"href":"https:\/\/www.sdhmalahrastice.cz\/index.php?rest_route=\/wp\/v2\/pages\/157","targetHints":{"allow":["GET"]}}],"collection":[{"href":"https:\/\/www.sdhmalahrastice.cz\/index.php?rest_route=\/wp\/v2\/pages"}],"about":[{"href":"https:\/\/www.sdhmalahrastice.cz\/index.php?rest_route=\/wp\/v2\/types\/page"}],"author":[{"embeddable":true,"href":"https:\/\/www.sdhmalahrastice.cz\/index.php?rest_route=\/wp\/v2\/users\/2"}],"replies":[{"embeddable":true,"href":"https:\/\/www.sdhmalahrastice.cz\/index.php?rest_route=%2Fwp%2Fv2%2Fcomments&post=157"}],"version-history":[{"count":16,"href":"https:\/\/www.sdhmalahrastice.cz\/index.php?rest_route=\/wp\/v2\/pages\/157\/revisions"}],"predecessor-version":[{"id":2004,"href":"https:\/\/www.sdhmalahrastice.cz\/index.php?rest_route=\/wp\/v2\/pages\/157\/revisions\/2004"}],"up":[{"embeddable":true,"href":"https:\/\/www.sdhmalahrastice.cz\/index.php?rest_route=\/wp\/v2\/pages\/47"}],"wp:attachment":[{"href":"https:\/\/www.sdhmalahrastice.cz\/index.php?rest_route=%2Fwp%2Fv2%2Fmedia&parent=157"}],"curies":[{"name":"wp","href":"https:\/\/api.w.org\/{rel}","templated":true}]}}