{"id":2956,"date":"2016-11-25T10:40:46","date_gmt":"2016-11-25T09:40:46","guid":{"rendered":"http:\/\/sdhmalahrastice.cz\/?page_id=2956"},"modified":"2023-03-12T10:04:01","modified_gmt":"2023-03-12T09:04:01","slug":"kontakt","status":"publish","type":"page","link":"https:\/\/www.sdhmalahrastice.cz\/?page_id=2956","title":{"rendered":"Kontakt"},"content":{"rendered":"<p>Kontaktn\u00ed \u00fadaje:<\/p>\n<p><strong>Sbor dobrovoln\u00fdch hasi\u010d\u016f Mal\u00e1 Hra\u0161tice<br \/>\n<\/strong>Mal\u00e1 Hra\u0161tice 115<br \/>\n262 03 &nbsp; Mal\u00e1 Hra\u0161tice<\/p>\n<p>e-mail: <a href=\"mailto:sdh-malahrastice@seznam.cz\">sdh-malahrastice@seznam.cz<\/a><\/p>\n<p>I\u010c&nbsp; 663 25 226<\/p>\n<p>ID datov\u00e9 schr\u00e1nky: <strong class=\"_ngcontent-hda-18\">wxx888w<\/strong><\/p>\n<p>\u010d.\u00fa.:&nbsp; &nbsp;<strong>320126788\/0300<\/strong><\/p>\n<p><strong>Starosta<\/strong>: Sou\u010dek Lubo\u0161<\/p>\n<p><strong>Velitel<\/strong>:&nbsp;Sou\u010dek Radim (velitel 22.okrsku)<br \/>\nmobil: &nbsp; 603 202 679<\/p>\n","protected":false},"excerpt":{"rendered":"<p>Kontaktn\u00ed \u00fadaje: Sbor dobrovoln\u00fdch hasi\u010d\u016f Mal\u00e1 Hra\u0161tice Mal\u00e1 Hra\u0161tice 115 262 03 &nbsp; Mal\u00e1 Hra\u0161tice e-mail: sdh-malahrastice@seznam.cz I\u010c&nbsp; 663 25 226 ID datov\u00e9 schr\u00e1nky: wxx888w \u010d.\u00fa.:&nbsp; &nbsp;320126788\/0300 Starosta: Sou\u010dek Lubo\u0161 Velitel:&nbsp;Sou\u010dek Radim (velitel 22.okrsku) mobil: &nbsp; 603 202 679<\/p>\n","protected":false},"author":1,"featured_media":0,"parent":0,"menu_order":12,"comment_status":"closed","ping_status":"closed","template":"","meta":{"ngg_post_thumbnail":0,"footnotes":""},"class_list":["post-2956","page","type-page","status-publish","hentry"],"_links":{"self":[{"href":"https:\/\/www.sdhmalahrastice.cz\/index.php?rest_route=\/wp\/v2\/pages\/2956","targetHints":{"allow":["GET"]}}],"collection":[{"href":"https:\/\/www.sdhmalahrastice.cz\/index.php?rest_route=\/wp\/v2\/pages"}],"about":[{"href":"https:\/\/www.sdhmalahrastice.cz\/index.php?rest_route=\/wp\/v2\/types\/page"}],"author":[{"embeddable":true,"href":"https:\/\/www.sdhmalahrastice.cz\/index.php?rest_route=\/wp\/v2\/users\/1"}],"replies":[{"embeddable":true,"href":"https:\/\/www.sdhmalahrastice.cz\/index.php?rest_route=%2Fwp%2Fv2%2Fcomments&post=2956"}],"version-history":[{"count":9,"href":"https:\/\/www.sdhmalahrastice.cz\/index.php?rest_route=\/wp\/v2\/pages\/2956\/revisions"}],"predecessor-version":[{"id":5005,"href":"https:\/\/www.sdhmalahrastice.cz\/index.php?rest_route=\/wp\/v2\/pages\/2956\/revisions\/5005"}],"wp:attachment":[{"href":"https:\/\/www.sdhmalahrastice.cz\/index.php?rest_route=%2Fwp%2Fv2%2Fmedia&parent=2956"}],"curies":[{"name":"wp","href":"https:\/\/api.w.org\/{rel}","templated":true}]}}